-183581?
-183582
In base 6, what is -4 + -532044?
-532052
In base 6, what is 13005 + 233?
13242
In base 2, what is 0 + 101011010100?
101011010100
In base 4, what is -230122 - 330?
-231112
In base 11, what is 1 - 676a?
-6769
In base 2, what is 110101 - 10010001010?
-10001010101
In base 11, what is -22 + 66177?
66155
In base 2, what is 1110 - -100101010101111000?
100101010110000110
In base 12, what is 153 - 79a5?
-7852
In base 16, what is 3bf11 - e?
3bf03
In base 4, what is -1 + -213311100?
-213311101
In base 12, what is -3 - -1705?
1702
In base 14, what is 707 + 84?
78b
In base 8, what is -5134 + -5?
-5141
In base 15, what is -20816 - 1?
-20817
In base 14, what is -8d - -a0?
11
In base 16, what is -5b606 + 5?
-5b601
In base 16, what is 5f1 - 18?
5d9
In base 2, what is -1001111111010110 + 101?
-1001111111010001
In base 8, what is 25575 + 7?
25604
In base 6, what is 12234 - -5?
12243
In base 12, what is -1 - -29010?
2900b
In base 4, what is 3 - 133010110?
-133010101
In base 10, what is 30111 - -72?
30183
In base 2, what is 1100000000111111100 - -101?
1100000001000000001
In base 5, what is -4131 - -10012?
331
In base 13, what is -b63 + 33c?
-824
In base 16, what is 2 + -e953?
-e951
In base 12, what is -146a + -37?
-14a5
In base 4, what is -20021211303 + 11?
-20021211232
In base 16, what is -168 - 56e?
-6d6
In base 16, what is -32f + -32?
-361
In base 9, what is -682 + 211?
-471
In base 4, what is -12120230 + 30?
-12120200
In base 5, what is 4 + 204332?
204341
In base 16, what is -75f + 23?
-73c
In base 9, what is 3381 + 88?
3480
In base 15, what is 3 - 22209?
-22206
In base 4, what is -210232131 - -232?
-210231233
In base 15, what is 5c0c - 3?
5c09
In base 10, what is 41296 - 1?
41295
In base 6, what is -3 - -1213242?
1213235
In base 8, what is -2370113 - 5?
-2370120
In base 12, what is -4b6 + -4b?
-545
In base 2, what is -1101001111010 + -11?
-1101001111101
In base 8, what is 526066 + 5?
526073
In base 11, what is -1a2a - 5a7?
-2526
In base 6, what is -212423 - -2?
-212421
In base 16, what is -2630 + 9?
-2627
In base 15, what is -b + -27d8?
-27e4
In base 9, what is -271 + -1074?
-1355
In base 3, what is 1 - 22101221?
-22101220
In base 13, what is 1124 + -18?
1109
In base 15, what is a20 - 1?
a1e
In base 5, what is -3321243402 - -2?
-3321243400
In base 2, what is 10110110110101 + 0?
10110110110101
In base 3, what is -12 - -21011112000?
21011111211
In base 11, what is -282a + -18?
-2847
In base 6, what is 212 - 325513?
-325301
In base 5, what is -22 - 3044332?
-3044404
In base 6, what is 112 + 5143?
5255
In base 2, what is 111101 + -11011011111010?
-11011010111101
In base 15, what is a12dc - -4?
a12e1
In base 5, what is 24440 + 4330?
34320
In base 6, what is 14411 + 21?
14432
In base 4, what is -1033322320 + 0?
-1033322320
In base 6, what is -10 + -4125011?
-4125021
In base 11, what is 473674 + 1?
473675
In base 15, what is 3 - -2677c?
26780
In base 10, what is -6 - 9297?
-9303
In base 3, what is -1 - -12122120200?
12122120122
In base 14, what is -4bd9 - -6?
-4bd3
In base 8, what is -133511 - 5?
-133516
In base 14, what is 4 - 5c7?
-5c3
In base 5, what is 22322243 + 3?
22322301
In base 15, what is -2b8a - -12?
-2b78
In base 11, what is 25 + -10902a?
-109005
In base 3, what is -2 + -2021121211?
-2021121220
In base 7, what is 4460663 + -5?
4460655
In base 16, what is 72fb4 + -3?
72fb1
In base 13, what is 483 + -9?
477
In base 5, what is -12 - 330?
-342
In base 10, what is 1 + -68681?
-68680
In base 11, what is 4 + 196753?
196757
In base 3, what is 20010 - -212202?
1002212
In base 7, what is -2 - -3413210?
3413205
In base 3, what is 2010000 - 2022?
2000201
In base 4, what is 3203 - 1023313?
-1020110
In base 4, what is 2 + 1020322222?
1020322230
In base 9, what is -2 + 101128?
101126
In base 8, what is -5 + 4634?
4627
In base 10, what is 4 + 80534?
80538
In base 3, what is 1120112 - 12212?
1100200
In base 5, what is 31323414 - 14?
31323400
In base 14, what is 13500b - 0?
13500b
In base 4, what is -11 - -2310132?
2310121
In base 8, what is 30125 - 1?
30124
In base 7, what is 616605 - 6?
616566
In base 11, what is 10756 + -5?
10751
In base 11, what is 14695 + 7?
146a1
In base 15, what is -3 - 7544?
-7547
In base 7, what is 360 - 5002?
-4312
In base 2, what is 10100010111 + 10011?
10100101010
In base 14, what is 608c - -2?
6090
In base 8, what is -13 - 7340?
-7353
In base 2, what is 100101001101110 + 1010110?
100101011000100
In base 9, what is 1023 + -4?
1018
In base 8, what is 156 + -62?
74
In base 9, what is 3 - 76168?
-76165
In base 10, what is 3 - 212588?
-212585
In base 8, what is 4360 - 145?
4213
In base 4, what is 11322 - -31220?
103202
In base 11, what is 8a9 + 1?
8aa
In base 2, what is 11000010001110110 + 1?
11000010001110111
In base 7, what is 1022 + 155?
1210
In base 8, what is -2727 - -3064?
135
In base 15, what is d + 153?
161
In base 6, what is -20255135 - 1?
-20255140
In base 15, what is 1 - -95a1?
95a2
In base 5, what is 441 - -243422?
244413
In base 13, what is -5551b + 3?
-55518
In base 12, what is 27520b + 3?
275212
In base 8, what is -234526 - 3?
-234531
In base 4, what is -122210103 - 11?
-122210120
In base 15, what is 34 + -26b4?
-2680
In base 2, what is 1 + 1001100011010?
1001100011011
In base 11, what is -322 - 122?
-444
In base 12, what is -25 + 838a?
8365
In base 7, what is 24 + 450301?
450325
In base 5, what is -131403 + 4?
-131344
In base 7, what is 60134 - -5?
60142
In base 13, what is -3014 - -347?
-299a
In base 14, what is 13 - 411?
-3dc
In base 12, what is -158 + 8b?
-89
In base 16, what is 8 + 2a96?
2a9e
In base 11, what is -703 + 24?
-68a
In base 14, what is -36 + -ac?
-104
In base 8, what is -23 - 2136?
-2161
In base 7, what is -4 - -5561?
5554
In base 4, what is -2 + 103113121?
103113113
In base 14, what is -6 + a3c3?
a3bb
In base 12, what is 5 + -712b?
-7126
In base 3, what is 2 + -10021112010?
-10021112001
In base 4, what is -102001312 + -10?
-102001322
In base 16, what is -23f5 + 7?
-23ee
In base 11, what is -77a797 - -4?
-77a793
In base 6, what is 10121454 + -1?
10121453
In base 16, what is 40 - 1109?
-10c9
In base 4, what is -22231 - 12022?
-100313
In base 13, what is 243 - -28?
26b
In base 12, what is -914b + -b?
-915a
In base 9, what is 16 + -11021?
-11004
In base 5, what is -4114230 - -1?
-4114224
In base 14, what is 2 + -3c764?
-3c762
In base 4, what is 32121221321 + 10?
32121221331
In base 15, what is 1 - -1727b?
1727c
In base 12, what is 2bb - 20?
29b
In base 14, what is -c10 + 24?
-bca
In base 12, what is b - 4362?
-4353
In base 16, what is 5fd + -27?
5d6
In base 4, what is -1101322 - -3?
-1101313
In base 3, what is 21022 - -1102221?
1201020
In base 6, what is -14024 + -104?
-14132
In base 6, what is 212 - 442513?
-442301
In base 14, what is 16d - -32d7?
3466
In base 5, what is -320244004 + -2?
-320244011
In base 9, what is -120180 - -7?
-120172
In base 10, what is 86 + 15657?
15743
In base 12, what is 42 + -16b0?
-166a
In base 10, what is -2465 - -19?
-2446
In base 12, what is -4 - 4742a0?
-4742a4
In base 12, what is 29 + -8814?
-87a7
In base 15, what is b32db9 - 3?
b32db6
In base 12, what is -1 + -2a60?
-2a61
In base 11, what is -150 - -8689?
8539
In base 16, what is 177e + -3?
177b
In base 2, what is -101001101110000001 + 0?
-101001101110000001
In base 12, what is 2 + -39a6a9?
-39a6a7
In base 11, what is -52146 + 2?
-52144
In base 11, what is 0 - 254?
-254
In base 4, what is -120 - -1103211?
1103031
In base 15, what is -7c4 + -a?
-7ce
In base 2, what is 11100100010011 + 101?
11100100011000
In base 15, what is -403 + -4eb?
-8ee
In base 13, what is -1 + -8b921?
-8b922
In base 3, what is 112221 + 10200?
200121
In base 14, what is -38 + -114a?
-1184
In base 5, what is -13410232 - 4?
-13410241
In base 7, what is -262 + -1661?
-2253
In base 5, what is 2 - -2301330?
2301332
In base 7, what is 1642 - -62?
2034
In base 5, what is 4 + -430131?
-430122
In base 16, what is 105 + -45f?
-35a
In base 5, what is 22 - 1003024?
-1003002
In base 6, what is 4455 - -105?
5004
In base 10, what is 5074 - 0?
5074
In base 14, what is -5c23 - 0?
-5c23
In base 11, what is 11550 - -1?
11551
In base 10, what is -3 + -4448?
-4451
In base 15, what is -46 - 304?
-34a
In base 15, what is -6 - a5b11?
-a5b17
In base 15, what is 5 - d6